**s - 8*t**2 - 3 - t**2 - 10*t. What is i(-6)?
17
Let l(u) be the second derivative of 2*u**3/3 + 3*u**2/2 - u + 59. Calculate l(-3).
-9
Let j be 1*1/(1/(-5)). Let q(n) be the second derivative of 0 + 3*n + 1/6*n**3 - 1/20*n**5 + 7/2*n**2 - 5/12*n**4. What is q(j)?
2
Let s(k) = 5*k**2 - 28*k + 37. Let r(b) = b**2 - 7*b + 9. Let x(a) = -9*r(a) + 2*s(a). Let o be x(-6). Let y = -17 - o. Let q(w) = w**2 - w - 3. Calculate q(y).
17
Suppose a - 29 = -4*l + 7*l, 4*l + a = -34. Let d(s) = s + 20. What is d(l)?
11
Suppose -4*x = 2*r - 8, 4*x - 14 = 2*r + 2. Let v(t) = t**3 - 4*t - 3. Determine v(r).
-3
Suppose 5*t - 5 + 25 = r, -5*r + 25 = 0. Let a(v) = -5*v**2 + 26*v + 24. Let w(u) = 4*u**2 - 18*u - 17. Let s(f) = 5*a(f) + 7*w(f). Determine s(t).
16
Let f = -1 + 1. Let j(a) = -1 + 0 - 4 + a - a**2 - a. Give j(f).
-5
Let s(x) be the third derivative of x**5/60 + 11*x**4/24 + 7*x**3/6 - 4*x**2. Let l be (-17 - 3)/(2 + 0). Give s(l).
-3
Let y(k) = -6 - 5873*k - 3 + 3 + 5868*k. Give y(-5).
19
Let l(m) be the third derivative of -2/3*m**3 - 17*m**2 + 0*m + 1/24*m**4 + 0. What is l(4)?
0
Let s(h) = -17*h - h**2 + 24 + 0*h**2 - 16*h + 0*h**2 + 30*h. What is s(-5)?
14
Suppose 0 = -5*k + 52 + 68. Suppose 12*c + k = 8*c. Let w(g) = -5*g**2 - g + 2. Let x(n) = 9*n**2 + n - 3. Let t(s) = -11*w(s) - 6*x(s). What is t(c)?
2
Let v(x) = 4*x**3 + 2*x - 1. Let p be v(1). Suppose -11*t = -10 - 12. Let u(h) = 7 - h**t - p*h - 9 + 2*h. Calculate u(-2).
0
Let n(q) = -q**2 - 3*q - 6. Suppose 0 = 102*g - 72*g + 60. Calculate n(g).
-4
Let g(r) = -3 + 0*r**2 + 11*r - 25*r - r**2 + 6*r + 13*r. Let i(q) = -q**2 + 7*q. Let h be i(6). Determine g(h).
-9
Let c = 37 - 34. Suppose 4*p = 4*g + 12, -g + 9 = c*g + 3*p. Let h(u) = -u**2 - u - 11. Determine h(g).
-11
Let l(t) = 8*t**2 - 1. Let z = 19 - 19. Let u = -1 + z. Calculate l(u).
7
Let r(h) = h**2 - 6*h + 7. Let x(y) = 2*y - 13. Let k be x(8). Suppose m + 9 = k*s, 4*m - 36 + 8 = -4*s. Suppose -z + s = -1. Calculate r(z).
2
Let q(y) be the second derivative of y**4/12 - 7*y**3/6 - 7*y**2 - 403*y - 1. Determine q(6).
-20
Let u = -469 - -469. Let a(j) = -j. Give a(u).
0
Let b(d) = d**2 - 6*d + 8. Suppose -20 = 2*v - 30, -5*v - 5 = -5*z. Calculate b(z).
8
Suppose v = -6*v + 42. Let s(j) = j**2 - 11*j + 5. Determine s(v).
-25
Let r = -694 - -686. Let k(s) = -s**3 - 7*s**2 + 11*s + 10. What is k(r)?
-14
Let p(y) = y**2 - y - 2. Let f(n) = -2*n**2 + 4*n + 10. Let x(t) = f(t) + 3*p(t). Give x(-3).
10
Suppose n = -2*n + 12, 3*n = -5*s + 22. Let k be ((3 - 3)/(-3))/s. Let w be -1 + (k/(-4) - 1). Let m(g) = -g - 1. Determine m(w).
1
Suppose f + 36 = -2*f. Let o = 7 + f. Let x(i) = -5. Let a(r) = -r - 1. Let w(b) = -a(b) - 2*x(b). Give w(o).
6
Let p = 6 - 0. Suppose -375 = d - 389. Let g(r) = -27*r + 11*r + 3 + d*r. What is g(p)?
-9
Let b(t) = -3*t - 6. Let f be b(-4). Let y(q) = 1 - f + q**3 + q**2 + 6 - q. Calculate y(2).
11
Let x be 4*(3/(-12) + 2). Let c = 7 + -2. Let k(a) = -a + c + 0*a - x. Determine k(0).
-2
Let x(y) = -y**3 - 4*y**2 - 2*y - 4. Suppose -v - 6 - 4 = 4*k, 0 = -5*k + 5*v - 25. What is x(k)?
-7
Let s(b) = 6*b + 73. Let r = 52 - 64. What is s(r)?
1
Let g(d) = 6*d**3 + 8*d**2 + d - 2. Let h(m) = m + 20*m**2 - 4*m**2 + 0*m**2 - 1 + 5*m**3 - 9*m**2. Let y(j) = 4*g(j) - 5*h(j). Determine y(-4).
17
Let b(i) = -3 + 29*i**2 - 20*i**2 - i**3 - 5*i**2. Suppose 0*u + 2*u = 8. Calculate b(u).
-3
Let j(t) = -30*t. Let k(f) = -f**2 - 9*f + 32. Let u be k(-12). Let v be (-1)/(-3 - u) + 0. What is j(v)?
30
Suppose 5*f + 0*f = -35. Let o(j) = -j**2 + 12*j + 12. Let r(b) = -4*b**2 + 37*b + 39. Let w(s) = -7*o(s) + 2*r(s). Calculate w(f).
15
Suppose 7*r - 20 = 2*r. Let u(p) be the first derivative of -p**3/3 + 3*p**2 - 4*p - 15. Give u(r).
4
Let p be 9/(-6)*(-2)/1. Let s(u) = 11*u**2 - u**2 + 0*u - 11*u**2 + u. What is s(p)?
-6
Let a(n) = n**3 + 9*n**2 + 22*n + 200. Let o be a(-9). Let t(h) = -2*h**3 + 2*h**2 - 2*h - 1. Determine t(o).
-13
Suppose 10 = -9*f + 4*f, -6 = -5*x - 2*f. Let c(h) = -h + 6*h**x - h**3 + 7 - 3 - 6*h. Determine c(5).
-6
Let j(v) be the second derivative of -v**5/20 + v**4/6 + v**3 - 2*v**2 - 474*v. Let z(f) = f**2 + 9*f + 12. Let s be z(-8). Determine j(s).
-12
Let h(t) be the second derivative of -t**5/20 + 5*t**4/12 - t**3/6 + 3*t**2/2 + 107*t. Give h(5).
-2
Let t(d) be the first derivative of -d**2/2 - 3*d + 64. Give t(3).
-6
Let c(k) = 5*k - 6. Suppose -l - 6 = 5*l. Let p(m) = m. Let v(x) = l*p(x) + c(x). Let s = -42 - -47. Give v(s).
14
Let d(y) = y**3 + 5*y**2 - 7*y + 4. Let l be 21/(-56) + (-270)/48. What is d(l)?
10
Let i(p) = p**3 - 6*p**2 - p + 5. Let w be i(6). Let s(l) = -5*l**3 - 9*l**3 + 0*l**3 + 1 + l. Calculate s(w).
14
Let y(o) = -2*o - 2. Let p be y(-4). Let h(x) = -x**2 + 6*x + 4. Let a be h(p). Let i(u) = -u**3 - 12*u + 6*u**2 - 43 + 5*u + 0*u + 47. Determine i(a).
8
Let o(q) = 12 + 5 - 29 + 12 - q. Give o(0).
0
Suppose -10 = -2*c - d, 4*c = 57*d - 52*d + 20. Let m(x) = -x**3 + 6*x**2 - 4*x - 11. Give m(c).
-6
Suppose 0 = -3*k - 6, -4*d + 2*k - 14 = -k. Let a(i) = -2*i**2 - 6*i - 2. Determine a(d).
-22
Let h be ((-40)/30 + 0)*1*-3. Let d(p) be the first derivative of h*p + 6 - 1/2*p**2. Give d(4).
0
Let f(h) be the third derivative of -h**5/60 - h**4/2 - h**3 + 28*h**2. Calculate f(-12).
-6
Let j(u) be the first derivative of u**4/12 + 2*u**3/3 - 7*u**2/2 + 15*u - 13. Let v(z) be the first derivative of j(z). What is v(-5)?
-2
Suppose -31 = -2*b - 27. Let q be b*2/4*(-4 + 0). Let d(a) be the third derivative of a**5/30 + a**4/4 + a**3/2 - 3*a**2. Calculate d(q).
11
Suppose -4*i - i = 0. Suppose i*u - 5 = 3*u + d, 3*d = -5*u - 3. Let q(w) = -w**3 - 2*w**2 + 2*w + 4. Calculate q(u).
7
Let k(x) = -x**3 - 4*x**2 + 7*x + 7. Suppose -3*j - r = 7, 0 = 4*j - r - 4*r - 16. Let f be 24/(-12) - (j - -4). What is k(f)?
-3
Suppose -24*n + 29*n = 45. Let g(i) = i**2 - 10*i + 9. Give g(n).
0
Let l(i) = -6*i + 7 - 2*i - 4 + 0*i - i. Give l(-1).
12
Let h(x) = -x**3 + 23*x**2 + 20*x + 97. Let c be h(24). Let i(v) be the first derivative of 2*v**4 - 2/3*v**3 + 0*v**2 + 1 + v. Give i(c).
7
Suppose 3 + 25 = -4*j. Let c(o) be the first derivative of 1/4*o**4 - 4*o**2 + 2*o**3 - 2*o - 6. What is c(j)?
5
Let x be 7/(-2) + 2/(-4). Let g = -168 + 170. Let m(k) = g*k + 3 + 2*k - 844*k**2 + 845*k**2. Give m(x).
3
Let p be 3/((-3)/2) + 5. Let i(x) = -113*x - 12*x + 231*x - 1 - x**2 - 108*x. What is i(p)?
-16
Let x(f) = 12*f - 7. Let l(y) = -26*y + 17. Let g(u) = -6*l(u) - 15*x(u). Calculate g(3).
-69
Let d = 19 + -15. Suppose d*x + c + 2 = 4, -x + 5*c = -11. Let k(z) = x + z - 7*z**2 - 3*z + 0*z + 3*z. Calculate k(-1).
-7
Let m(s) = s**3 + 6*s**2 + 9*s + 12. Let p be m(-4). Let j be p/(-44) - (-140)/(-77). Let i(q) = -4*q**2 + 2*q - 1. Determine i(j).
-21
Let b(z) = 14*z**3 - z**2 - 16*z - 9. Let m(h) = 13*h**3 - h**2 - 19*h - 11. Let l(k) = 6*b(k) - 5*m(k). What is l(1)?
18
Let d(u) = -6*u - 8*u - 13*u - 14*u - u**2 + 50 + 30*u. Determine d(-15).
-10
Suppose -4*h + 2*h + 17 = 3*g, 5*g - 2*h - 7 = 0. Let u = 9 - g. Let k(w) = w**2 - 8*w + 6. Calculate k(u).
-6
Let t = 117 + -75. Let p(j) = j**3 - t*j**2 + j + 51*j**2 - 4 + 9. Calculate p(-9).
-4
Let a(g) = -g**3 + 5*g**2 + 2*g - 2. Let i(r) = -r**3 - 2*r**2 + 4*r - 2. Let h be i(-4). Let u be 4/(-28) - 6/h*-12. Calculate a(u).
8
Let v(z) = -2051*z**2 + 4109*z**2 - 2056*z**2 + 8 + 11*z. What is v(-5)?
3
Suppose 5*l - 10 = -4*h, 4*h + 0*l + 4*l = 8. Let d(m) = -2 + 0*m**2 - 9*m**2 + 25*m**2 - 7*m**2 - 10*m**2. Calculate d(h).
-2
Suppose -36 = -9*w + 9. Let x(n) = -1. Let k(u) be the third derivative of -u**4/24 - u**3/3 - u**2. Let j(d) = -k(d) - 2*x(d). Calculate j(w).
9
Let i(z) = z + 2*z - 3 - 2*z + 9. Suppose 6*l - 369 = -435. What is i(l)?
-5
Suppose -2*z + h + 5 = -4, -24 = -2*z - 4*h. Suppose 0*y - m + z = -4*y, -10 = -5*m. Let n(x) be the third derivative of x**5/5 + x**3/6 + x**2. Give n(y).
13
Let b(u) be the first derivative of -u**2 + 2*u - 396. Give b(0).
2
Let u(w) = 6*w**2 + 7*w - 2. Let l = -20 + 15. Let t(z) = 7*z**2 + 7*z - 2. Let x(h) = l*t(h) + 6*u(h). What is x(-6)?
-8
Let d(b) = 10*b**3 + 2*b**2 - 3*b + 3. Let c be d(2). Let t = -52 + c. Let m = t + -34. Let p(x) = -x - 1. Give p(m).
0
Let i(p) = p - 3. Let l be -1*2*52/(-8). Let j = -55 - -45. Let o 